Let c = 21 + w. What are the prime factors of (c - (-9)/(-5)) + (-344)/(-5)?
3, 23
Let x be (-1 - -4) + (-7 - -11). What are the prime factors of ((-8)/4)/((-3 + x)/(-1312))?
2, 41
Let v be (-20)/16 - 8673/12. Let r = v - -1063. List the prime factors of r.
3, 113
Let x be 5 + -1 - (2 + -1 - 425). Suppose h = -4*y - 138, -h + 2*y - x = 2*h. Let k = 8 - h. List the prime factors of k.
2, 3, 5
Let m(x) = 263*x**2 - 58*x - 82. List the prime factors of m(-6).
2, 31, 157
Let m = 480 - 481. Let f(t) = 246*t**2 + 3*t - 1. List the prime factors of f(m).
2, 11
Let t = -160 + -96. Let f = 487 + t. What are the prime factors of f?
3, 7, 11
Let z = -22 + 14. Let r(n) = 2*n**2 + 17*n + 40. What are the prime factors of r(z)?
2
Let x(o) = -359*o + 85. What are the prime factors of x(-31)?
2, 3, 7, 89
Let l = 94 + -45. Let g = -31 + l. List the prime factors of 723/g - (-2)/(-12).
2, 5
Let i(s) = 11 + 5*s - 37 - 4*s + 26*s**2 + 8. What are the prime factors of i(-6)?
2, 3, 19
Let b(v) = -3*v**3 + 121*v**2 + 100*v + 100. List the prime factors of b(41).
2, 419
Let o(z) = z**3 - 43*z**2 + 80*z + 90. Let r be o(41). Suppose 0 = 3*m - j - 2155, 5*m + 3*j + 2157 = r*m. List the prime factors of m.
2, 359
Let x be 34047/7 - (27/7 + -4). Suppose -57*t + 53*t + x = 0. List the prime factors of t.
2, 19
Suppose 242*z - 135*z - 1264011 = 2151964. What are the prime factors of z?
5, 1277
Suppose -2*z = z + b - 301, 3*z + 2*b = 302. Suppose 8*w = 2052 + z. What are the prime factors of w?
269
Let s(k) = k**3 + 36*k**2 + 11*k - 24. List the prime factors of s(-32).
2, 3, 5, 31
Let r be (15 + -37)*2/(-4). Suppose 0 = 9*f - r*f + 84. Suppose -5*p = -f - 58. What are the prime factors of p?
2, 5
Let r = -8 + 3. Let y(q) = -29*q + q**2 + 15*q + 13*q - 3. List the prime factors of y(r).
3
Suppose -2*a - 3*v = -24, -3*a + 0*v = v - 22. Suppose 0 = -9*q + a*q - 12, 5*q = 2*f - 1062. What are the prime factors of f?
521
Let x(k) be the third derivative of k**5/60 - 3*k**4/8 + 59*k**3/6 + 5*k**2 + 7. What are the prime factors of x(5)?
3, 13
List the prime factors of ((-324496)/80 + 11)*-5.
2, 3, 3371
Let j(g) = 2*g**3 - 11*g**2 + 22*g + 11. Let s be j(8). Suppose -5*p - s = -d, 245 = -4*d + 2*p + 2273. List the prime factors of d.
3, 13
Let s = 2839 - 444. What are the prime factors of s?
5, 479
Suppose 0 = -a + 3, 0*a = -k + 2*a - 9. Let f = k - -6. Suppose 555 - 87 = 3*u - f*y, -2*u - 5*y = -333. What are the prime factors of u?
3, 53
Let y(t) = -t**3 - 28*t**2 - 26*t + 33. Let b be y(-27). Suppose 2*n + 2569 = 3*r, b*r = 5*r - 3*n + 871. List the prime factors of r.
859
Let v(n) = 8*n**3 - 4*n**2 - n + 1. Let a be v(1). Suppose a*s + 46 = 274. What are the prime factors of s?
3, 19
Let s(y) = 8*y + 332. Let q be s(-6). Suppose -q = 18*i - 14144. What are the prime factors of i?
2, 5, 7, 11
Let a be ((-12)/5)/((-6)/15). Suppose -5*b = 15, -5*k - 5*b - a = -11. Suppose -3*o = f - 29, k*o + 6 = -5*f + 118. What are the prime factors of f?
2, 5
Suppose -5*p = -4*j + 3691, -5*j + 2*j = 4*p - 2745. Let r = 1603 - j. List the prime factors of r.
2, 3, 19
Let b(c) be the second derivative of 17*c**3 + 5*c**2 + 19*c + 1. List the prime factors of b(4).
2, 11, 19
Let c(y) = -y**2 - 8*y - 37. Let v be c(-13). Let o = v + 103. Suppose -j = 7*a - 2*a - 31, 4*j - 5*a + o = 0. What are the prime factors of j?
2, 3
Let x(v) = -291*v**3 - 4*v**2 - v - 19. List the prime factors of x(-3).
5, 7, 223
Let a = 1351 - 765. List the prime factors of a.
2, 293
Let b = -156 + 158. Suppose -b*w - 204 = -1098. What are the prime factors of w?
3, 149
Let j be (15/(-2) - 3)*(-10)/(-15). Let s(m) = 30*m - 35. Let x(g) = 45*g - 53. Let b(c) = j*s(c) + 5*x(c). What are the prime factors of b(6)?
2, 5, 7
What are the prime factors of (-8051)/((-506)/4807 - (-6)/(-304))?
2, 83, 97
Suppose -w - 2*v - 12 = v, -43 = 3*w + 2*v. Let t = w - -65. Let r = t - -2. What are the prime factors of r?
2, 13
Let y be (-36700)/175 - (1 + 10/(-14)). Let s = 402 + y. Suppose -s = -4*h + 208. What are the prime factors of h?
2, 5
Suppose 0 = 3*s - 5*j - 1397, 2*s = -2*s + 5*j + 1871. Suppose 14*d = s + 5406. What are the prime factors of d?
2, 3, 5, 7
Suppose 3*m = 2*m - 5, -2*m = 3*i + 274. Let v(d) = 2*d + 71. Let a be v(-28). Let x = a - i. List the prime factors of x.
103
Suppose 2*g = -g - 114. Let u = g + 42. Suppose -5*o + 3*t + 225 = 6*t, u*o - 207 = 3*t. List the prime factors of o.
2, 3
Suppose -2*z = 4*h - 202, 3*z - 4*h = -0*h + 293. Suppose 0 = 19*f - 2*f + 850. Let w = f + z. List the prime factors of w.
7
Let z(y) be the third derivative of y**5/60 - 5*y**4/24 + 137*y**3/6 + 54*y**2. List the prime factors of z(0).
137
Let x be (1 - (-26)/(-10))/((-1)/(-10)). Let u = -13 - x. Suppose 286 = u*k - 5. What are the prime factors of k?
97
Let y = 51 - 114. What are the prime factors of (9*y/54)/((-1)/2)?
3, 7
Suppose -2 = 2*s, 2*s - 5 - 37 = -4*l. Suppose -3*y - 4*f + 39 = l, y - 12 = -4*f. Suppose y*o = 3*o + 425. What are the prime factors of o?
5, 17
Let w be 2 + 24/(-10) - 462/(-30). Let s(r) = 46*r - 21*r + w - 25*r - 13*r. What are the prime factors of s(-5)?
2, 5
Let x(y) be the third derivative of 40*y**2 - 5/12*y**4 + 7/6*y**3 - 1/120*y**6 + 0*y + 0 - 2/15*y**5. What are the prime factors of x(-9)?
2, 89
Let p(a) = 4 + 126*a - 20 - 17 + 76*a. List the prime factors of p(3).
3, 191
Let n = 2072 + -1287. Let z(u) = -44*u + 65. Let v be z(-5). Suppose -5*h - v = -n. List the prime factors of h.
2, 5
Suppose -2*a + 0*a + 2*d + 90 = 0, -a - 5*d + 21 = 0. Suppose -35*z = -a*z + 1992. What are the prime factors of z?
2, 83
Suppose 0 = 8*g - 0 - 64. Suppose -5*v = 0, 3*v = 5*w - 7*w + g. Suppose 108 - 596 = -w*n. List the prime factors of n.
2, 61
Let w(o) = o**3 - 2*o**2 - 18*o + 25. Let g be w(5). Suppose 0 = g*z - 11851 + 4101. What are the prime factors of z?
5, 31
Let r = 27977 + -27482. Suppose -3*l = -5*l + m + 628, -4*l - 4*m + 1256 = 0. Suppose 2*f + r = 3*o, 0 = -2*o - 3*f - f + l. What are the prime factors of o?
163
Let m(q) = 13*q**2 - 5*q + 1. Let u = 32 + -71. Let b = 41 + u. List the prime factors of m(b).
43
Let u = -9 - -14. Suppose j + 2*j + 648 = 3*n, -5*j = u*n - 1110. Suppose -3*t = 5*m - n, 2*t + t + 4*m - 222 = 0. What are the prime factors of t?
2, 3, 13
Suppose 3*z + 7*s - 5*s = 95085, -3*s - 9 = 0. List the prime factors of z.
29, 1093
List the prime factors of 32*((-60228)/(-48) + -7).
2, 7, 23, 31
Let u = 88 + 5401. List the prime factors of u.
11, 499
Let h(i) = i**3 + 9*i**2 + 10*i + 3. Suppose 32*z = 25*z - 49. Let x be h(z). Suppose -2*u + 265 = x. List the prime factors of u.
3, 13
Suppose 4*m + z - 29276 = 0, 3*m - 27*z - 21957 = -22*z. List the prime factors of m.
13, 563
What are the prime factors of 4*1198 - 870/58?
17, 281
Suppose -19*f + 27 = 160. Let p = f + 200. What are the prime factors of p?
193
Let v = -769 + 1409. Suppose h + 4 = 2*h, h - v = -4*m. Let a = m + -37. What are the prime factors of a?
2, 61
Suppose -c = 2*c - 354. Suppose -2*o + c = -110. List the prime factors of o/8 - (-11)/(-44).
2, 7
Let c(h) = 7*h - 22. Let g = 70 - 59. What are the prime factors of c(g)?
5, 11
Let u = -2783 + 4202. List the prime factors of u.
3, 11, 43
Suppose -80*a - 29563 + 216683 = 0. What are the prime factors of a?
2339
Let f be 38/(-12) + (9 - (-371)/(-42)). Let r = -13 + 20. What are the prime factors of (1/2)/((f + r)/1040)?
2, 5, 13
Let x = 7539 - 3905. What are the prime factors of x?
2, 23, 79
Suppose 5*c - 4*j = -15, 4*j = -0*c + 4*c + 12. Let w be (-11)/(55/(-12)) + c/(-5). Let q(x) = 11*x**2 + 2*x - 4. List the prime factors of q(w).
101
Let p = -34 - -39. Suppose -3*m = 9, 4*m + 23 = -p*b + 3*m. What are the prime factors of (96/(-28))/(b/42)?
2, 3
List the prime factors of 1 + 1702 - ((-2)/7 - (-260)/(-70)).
3, 569
Let d = -35 + 374. Let v = -194 + -46. Let o = d + v. What are the prime factors of o?
3, 11
Let x(m) = 4823*m**2 - 3*m - 22. What are the prime factors of x(-2)?
2, 61, 79
Suppose -5*m - 40 = -6*v + v, 0 = 3*v + m - 32. Suppose v*r - 17 = 83. List the prime factors of r/(36/1665*5/2).
5, 37
Let u = -9 + 13. Let g(r) = -11*r**3 + 7*r**2 - 4*r - 5. Let p(o) = 5*o**3 - 4*o**2 + 2*o + 3. Let i(w) = 2*g(w) + 5*p(w). List the prime factors of i(u).
109
Sup